t of m(x)?
1
What is the tens digit of -11 + 53 - 2*2?
3
Suppose 4*y - 206 = 2*v, -y - y - 2*v + 100 = 0. What is the units digit of y?
1
Let f = 12 - 10. Suppose 6 = -2*j, j = i + f*j - 7. What is the tens digit of i?
1
Let p = 7 - -22. What is the tens digit of p?
2
Let b(i) = -i**2 + 3*i - 1. Let r be b(2). Let f(u) = u - 4. Let k be f(-6). What is the units digit of (15/k)/(r/(-6))?
9
Suppose 22 = -2*i + 3*r, -3*r = -5*i - 2*r - 42. Let h = 3 - -4. Let w = h - i. What is the tens digit of w?
1
Let r(o) be the second derivative of -3*o**5/20 - o**4/3 - 2*o**3/3 - 3*o**2/2 + 2*o. What is the units digit of r(-2)?
3
Let c(o) = 3*o**2 - 3*o - 2. What is the tens digit of c(6)?
8
Suppose -11*b + 12*b - 50 = 0. What is the tens digit of b?
5
Suppose 2*t = 25 + 149. Suppose 4*w = -u + 95, 4*w - t = -3*u - 2. What is the tens digit of w?
2
Let m(x) = x**2 + 7*x + 9. Let v be m(-6). Suppose 2 = 4*y - v*y. What is the units digit of y?
2
What is the tens digit of ((-27)/9)/(6/(-322))?
6
Let l(x) = -4*x**2 + 2. Let u be l(-2). Let c = 45 + u. What is the tens digit of c?
3
Let z be 2 - (-2 - (-2)/(-2)). Suppose -5 = -z*h + 30. What is the units digit of h?
7
Let z be 4/((-4)/(-5)) + 1. Let i(q) = -q + 8. Let h be i(z). What is the units digit of 33/6 + (-1)/h?
5
Let g(j) = -j**2 + 11*j - 15. Let y be g(6). What is the tens digit of (-48)/(-16)*1*y?
4
What is the units digit of (-126)/(-18)*(108/(-14))/(-1)?
4
Suppose 0*b = -4*b + 240. Suppose 5*k - v = -0*k + 86, 3*v = 4*k - b. What is the units digit of k?
8
Suppose 2*w = -0*w. Suppose 2*u = -w*u + 6. Suppose 36 = 2*a + 2*x, -u*a + 62 = 4*x + x. What is the units digit of a?
4
Let t(u) = -u**2 + 7*u + 2. Let n be t(7). Suppose -l = n*l - 9. What is the units digit of l?
3
Let g = -5 - 12. What is the tens digit of (3 - 1)*g/(-1)?
3
Let l = -83 - -120. What is the units digit of l?
7
Let c(u) = u - 8. Let j be c(6). What is the units digit of ((-6)/12)/(j/92)?
3
Let n = 2 - 0. Let w(y) = -n*y - 4 + 0 + y + 1. What is the units digit of w(-4)?
1
What is the units digit of (-18)/(-4) + (-7)/(-14)?
5
Suppose -y = 4*r - 1, 5*y - 8 = 4*r + 21. What is the units digit of (-6)/(-9) - r/3?
1
Let d = 4 - 3. Let h be 28/24 + 1/(-6). What is the tens digit of -2 - (-12 - (d + h))?
1
Let y(v) = 3*v**2 + 9*v - 6. Let r be y(9). Suppose 5*a + a = r. What is the tens digit of a?
5
Let d(y) = y**3 + 16*y**2 + 6*y + 6. What is the hundreds digit of d(-15)?
1
Let m(j) = 2*j**2 + 3*j - 6. What is the units digit of m(-5)?
9
Suppose -2*a + 134 = -4*u + 8*u, -u + 32 = a. Suppose 2*l + l - 5*y = 61, u = 5*l + 5*y. Let c = l + -5. What is the units digit of c?
7
Let r = 2 - 5. Let x = -4 - r. What is the units digit of (-2)/(-2)*(x + 2)?
1
Let n = 603 - 340. What is the tens digit of n?
6
What is the units digit of 0 + (7/21)/((-1)/(-75))?
5
What is the units digit of 3/9 + (-107)/(-3)?
6
Suppose 4*u + 3*i + 9 = 4*i, 4*u = -2*i - 18. Let g = u + 13. What is the tens digit of g?
1
Suppose -4*p - 2*j + 24 = 3*j, -5*j + 16 = -4*p. Let d(k) = 6*k**2 - 1. What is the units digit of d(p)?
5
Let u be (-1)/4*-38*2. Suppose -d = -u - 2. What is the units digit of 6/d + 108/14?
8
Suppose -4*t + 78 = 5*b, 5*b - 2*t - 2*t - 62 = 0. Let a be b/6 - 2/6. Suppose 3*j + 15 = 0, 2*j + 28 = a*u + 10. What is the units digit of u?
4
Let q(x) be the first derivative of -4*x**3 + x**2/2 - x + 3. Let j(i) = i**2 - i. Let p(y) = -3*j(y) - q(y). What is the units digit of p(-1)?
8
What is the units digit of (-1)/((15/69)/(-5))?
3
Suppose 0 = -4*d - 3 + 15. Let k = d - 0. Let s(g) = g + 3. What is the units digit of s(k)?
6
Let c(q) = q**2 - 10*q + 21. What is the units digit of c(8)?
5
Let w be (-26)/(-4) + (-1)/2. Suppose w*y - 3*y + 96 = 4*t, -y = -5*t + 109. What is the tens digit of t?
2
What is the units digit of (3 + -7 + 5)*206/2?
3
Let q be 21 - (1 + -2 + 0). Suppose 4*j - q = 62. Suppose j = 5*h - 4*h + 3*f, -4*f + 25 = h. What is the units digit of h?
9
Let a = -4 + 4. Suppose b + a*b + 5*c - 15 = 0, 19 = 3*b + 2*c. Let p = 11 - b. What is the units digit of p?
6
Suppose 2*l + 5*w - 18 = 10, -89 = -5*l - 3*w. What is the tens digit of l?
1
Let u = 9 - -8. What is the units digit of u?
7
Let i(m) = 2*m - 2. Let t be i(2). Suppose 2*g - 8 = -3*v, 3*g + 26 = -t*v + 7*v. What is the units digit of v?
4
Let x = 12 - 7. Suppose -3*y + 10 = 2*v, x*y = 5*v - 5 - 20. What is the units digit of 2 + -4 - y - -8?
6
Let l(m) = -m**2 - m + 3. Let i be l(0). Let d be (-2)/4*-1*4. What is the units digit of (9/d)/(i/6)?
9
Let g be 11 - (2 - (0 + -1)). Suppose -3*c + g = -1. What is the units digit of c?
3
Suppose -5*h = z - 2*z + 148, 2*z = -h + 285. What is the hundreds digit of z?
1
Let n(q) = -q**3 + q**2 - 21. What is the units digit of n(-4)?
9
Let t = 95 - 64. What is the units digit of t?
1
Suppose -o - 3*n = n - 9, -2*o + 2*n = 12. What is the tens digit of -13*(-2 - o)*-1?
1
Let w be ((-14)/8)/(2/16). Let l = w + 31. What is the units digit of l?
7
What is the tens digit of 7/(35/2) - (-1404)/15?
9
Let j = 4 + 0. Suppose 2*i - 4*u = u + 26, 5*u + 72 = j*i. What is the tens digit of i?
2
Suppose 1165 = 20*o - 15*o. What is the units digit of o?
3
Suppose -a + 0*a + 362 = -3*z, 4*a = -4*z - 472. What is the units digit of z/(-28) + 4/(-14)?
4
Suppose 5*i - 1 - 4 = 0. Suppose -2*p = -5*f - 20, -p + i + 9 = -5*f. Let u = p + -1. What is the units digit of u?
9
Let u = 47 - 27. Let d be u*1*4/(-10). What is the units digit of (d + -1)/((-9)/12)?
2
Suppose 0 = -3*m + 2 + 4. Suppose -54 = -4*p - m*j, 0*p = p + j - 16. Let x = p - 7. What is the units digit of x?
4
Let m(b) = 25*b - 8. Let q(h) = -24*h + 7. Let r(g) = 6*m(g) + 7*q(g). What is the units digit of r(-1)?
9
Let k(n) be the third derivative of n**6/120 + n**5/12 - n**4/4 + n**3 + 3*n**2. What is the units digit of k(-6)?
6
Suppose 7*x - 3*x + 140 = 0. Let t = 67 + x. What is the tens digit of t?
3
Let h(f) = -f**2 + 5*f - 1. Let p be h(5). Let u be (-2)/(-2)*p - -302. What is the units digit of 4/10 + u/35?
9
Let p(v) be the third derivative of -v**4/24 + v**3/6 + 2*v**2. Let s be p(6). What is the units digit of 0 - ((s - 0) + -2)?
7
Suppose n + 4 = 2. What is the units digit of ((-21)/3)/(n/4)?
4
Suppose 0*z = z + 2, 3*m - 3*z - 21 = 0. Suppose -89 = -m*o - 19. What is the units digit of o?
4
Suppose f + f = 2*m, 0 = -2*m - 2*f. Suppose m = -q + c + 2, -5*q - c = 4*c + 40. What is the tens digit of 20 + -5 + 1*q?
1
Let g(l) = -l**3 + 13*l**2 + l - 7. What is the units digit of g(13)?
6
Suppose -393 = -5*u + 2*h, -2*u + 156 = -0*u - 2*h. Suppose 5*x - 3*y = -491, -x - 2*y = u + 27. What is the units digit of 8/(-12) + x/(-6)?
6
Let a be 3/(-6)*(-4 + 0). Suppose 3*l + 2*l + p - 110 = 0, -a*p = -l + 33. What is the units digit of l?
3
Let k be (54/63)/(6/28). Suppose 7 + 17 = k*m. What is the units digit of m?
6
Let k(z) = 2*z - 3. Let x be k(4). Suppose 3*m - 5*r = -22, x*m - 3*m - 2*r = -8. Suppose -m - 9 = -q. What is the tens digit of q?
1
Let m(s) = -9 + 0*s + 0*s + s. Let p be m(9). Suppose -2*y - 5*j + 45 = 2*y, 4*j - 4 = p. What is the units digit of y?
0
Let y = 1 + -5. Let k be (-3 - y)*4/2. Suppose 4*j + k*g = 3*j + 13, 3*j + 2*g = 27. What is the units digit of j?
7
Suppose -1 = -5*p + 3*b, -3*p - 3*b = -0*p - 15. Suppose o = 7 - p. Suppose o*k - 10 = 5. What is the units digit of k?
3
Let b(c) = -c**3 + 8*c**2 - 4*c + 9. Let l be b(7). Let s = l + -18. What is the tens digit of s?
1
What is the tens digit of (6/4)/((-18)/(-660))?
5
Suppose 159 = x + 3*j - 0*j, 3*x - 4*j - 464 = 0. What is the tens digit of x?
5
Let p(g) = -g - 5. Let o = -16 - -10. Let n be p(o). What is the tens digit of 4*(n + (0 - -2))?
1
Suppose 2*w = -5*i - 134, i - 2*w - 2 = -36. Let g = 17 - i. What is the units digit of g?
5
Suppose 2*r + 32 = 5*q - 2*r, -25 = -4*q + 3*r. Suppose 0 = -2*h + 7 + 5. Let z = h + q. What is the units digit of z?
0
Suppose -3*q = -32 - 1. What is the units digit of q?
1
Let k be ((-8)/(-12))/((-6)/207). Let w = 32 + k. What is the units digit of w?
9
Let f = 12 + -2. Suppose 3*y + 5*g - 44 = 0, 6 = 3*y - 2*g - f. Let x = y - 5. What is the units digit of x?
3
Let n be (-2613)/(-65) - 1/5. Suppose -7*u + 2*u = -n. What is the units digit of u?
8
Suppose 2*g + 10 = 4*x, -2